by g.
7
What is the remainder when 15 is divided by (500/175)/((-2)/(-7))?
5
Suppose 2*b = b. Suppose 5*g = -b*n + 3*n - 391, -3*g = 2*n + 246. Calculate the remainder when 19 is divided by 6/4*g/(-24).
4
Suppose 1014 - 2749 = -5*z - 5*d, 4*z + 2*d - 1386 = 0. What is the remainder when z is divided by 36?
22
Let h be (-10)/30*(1 + -7)/2. Calculate the remainder when 68 is divided by (-82)/(-451) - (h - (-108)/(-11)).
5
Let z = 1005 - 295. Let s = 8036 + -8015. Calculate the remainder when z is divided by s.
17
Suppose -18*l - 8 = -19*l. Suppose 5 = l*i - 11. Suppose 320 = -i*k + 7*k. What is the remainder when k is divided by 33?
31
Suppose -b - 3*j + 8 = 0, 0 = -0*b - 2*b - 5*j + 16. Suppose 71 = b*u + 15. Calculate the remainder when 50 is divided by u.
1
What is the remainder when 14220/270*1*(-6)/(-4) is divided by 31?
17
Let s(i) = -1 - i + 26 - i**3 - 2*i - 5. Let c(d) = d + 7. Let t be c(-7). What is the remainder when s(t) is divided by 8?
4
Let k = 89 + -40. Let y(a) = 15*a**2 - 131*a - 385. What is the remainder when y(-3) is divided by k?
45
What is the remainder when (-133809)/(-5) + (-286)/(-1430) is divided by 265?
262
Let v = 9 - 2. Suppose -350 = -52*i + 46*i - 32. Calculate the remainder when i is divided by v.
4
Suppose 1746 = 3*b - 3*y, 25*b = 20*b + 2*y + 2901. What is the remainder when b is divided by 72?
3
Suppose 0 = 9*a + a - 10150. Suppose -103 + a = 16*u. What is the remainder when 510 is divided by u?
54
Let j be (1*4 + (-210)/56)*-4. Let y be 3 - (161*j - -1). Suppose -5*f = -67 - y. Calculate the remainder when f is divided by 16.
14
Let t(l) = l**3 + 21*l**2 - 16*l + 3. Calculate the remainder when t(-20) is divided by 356.
11
Suppose -b + 28 = -2*l, 7*l = -5*b + 2*l + 155. Suppose 48*z - 5*m = 52*z - 466, m - 115 = -z. Calculate the remainder when z is divided by b.
19
Let h be (-86)/4*(6 + -4). Let o = h + 25. Let v = o - -32. What is the remainder when v is divided by 3?
2
Let i = 577 + -170. Suppose 3*t - 4*a - i = 0, -2*a = 3*t + t - 550. Calculate the remainder when t is divided by 70.
67
Let f = -21316 + 21324. Suppose 5*z - 41 - 20 = -4*d, 0 = -2*d + 2*z + 26. Calculate the remainder when d is divided by f.
6
Suppose 67*m + 1848 = 89*m + 220. Calculate the remainder when 236 is divided by m.
14
Let u(v) = 8*v**2 - 5*v + 6. Let z be u(2). Let p(k) = 2*k**2 - 31*k + 31. What is the remainder when p(16) is divided by 7/z - (-62)/8?
7
Let d = -42 + 46. Suppose 0 = 4*f - d*l - 3 - 225, 5*f + l - 303 = 0. Calculate the remainder when 117 is divided by f.
57
What is the remainder when 904 is divided by 19*(-10)/(-1615) - 1677/(-51)?
13
What is the remainder when 1709 is divided by ((-1263)/(-8) - -10) + (-16)/(-128)?
29
Let g(b) = b**2 + 60*b + 523. Calculate the remainder when g(-57) is divided by 351.
1
What is the remainder when 645 is divided by ((-549)/366)/(3/(-188))?
81
Let r be (-66)/(-297) - (-1364)/18. Suppose 2*f + b - r = -0*b, -f = -b - 32. What is the remainder when 30/(-12)*-21*2 is divided by f?
33
Suppose -5*g + 0*t + t + 889 = 0, -4*g + 716 = 4*t. Let u = -304 + 306. Suppose -u*r + 129 - 77 = 0. What is the remainder when g is divided by r?
22
Let l(s) = -s + 1. Let g(k) = -3*k**2 - 7*k + 14. Let m(r) = -g(r) + 6*l(r). Let p be (-870)/58 - (-14 + 2). What is the remainder when m(p) is divided by 12?
4
Let v(m) = 10*m**2 + m - 9. Suppose -7*t + 4 + 101 = 0. Suppose 3*i = 2*u + 5, 3*i + 4*u - u - t = 0. Calculate the remainder when v(i) is divided by 17.
16
Suppose -2*j = -0*w + 4*w - 4012, -2*j + 4014 = 3*w. Calculate the remainder when j is divided by 224.
218
Calculate the remainder when 336 is divided by 26270/296 + (-3)/(-12).
69
Let i(s) = 6*s**2 + 3*s + 2. Suppose -24*h + 22*h + 1906 = 0. Suppose 0 = 2*q + 391 - h. Calculate the remainder when q is divided by i(-3).
46
Suppose -35*t + 64767 = -150588. What is the remainder when t is divided by 76?
73
Let h be 1002*(16/(-6))/(-2). Suppose 6*o - h - 38 = 0. Suppose -599 + o = -10*v. Calculate the remainder when 71 is divided by v.
34
Let q = -42 - -45. Suppose -10 = -q*m - 1. Calculate the remainder when 29 is divided by (-20)/m*3/(-2).
9
Suppose 3*l - 4168 = -t + 6507, 0 = -5*l + t + 17789. What is the remainder when l is divided by 137?
133
Let s = -862 - -908. Suppose 4*i - 313 - 219 = 0. Calculate the remainder when i is divided by s.
41
Let q be 17140/180 - (-6)/(-27). What is the remainder when 263 is divided by 4/(0 + 20/q)?
16
Suppose 0 = 5*x + 54*b - 58*b - 190, -x - 2*b = -24. Calculate the remainder when 156 is divided by x.
20
Let z = -32 + 46. Let g = 23 - z. Suppose 4*l - 2 = -6, u - g = -5*l. What is the remainder when 26 is divided by u?
12
Let w = 729 - 716. Suppose -4*i + 366 = 2*n, 2*n - 3*i - 401 = -0*n. Calculate the remainder when n is divided by w.
11
Suppose 4*k = -q - 2*q + 2269, 0 = k + 5*q - 580. Suppose -8*n = -3*n - k. Suppose 0 = -3*d + n - 8. What is the remainder when 104 is divided by d?
34
Let x(g) = 4*g**3 - g**2 - g + 41. Let c = -130 - -130. Calculate the remainder when 366 is divided by x(c).
38
Let p(a) = -a**3 + 8*a**2 + 7*a - 8. Let w(j) = j**3 + 16*j**2 + 41*j + 368. Calculate the remainder when w(-14) is divided by p(8).
42
Let p(l) be the first derivative of -9*l**2/2 + 5*l - 7. Calculate the remainder when 55 is divided by p(-1).
13
Let x = 1664 + -1640. Let j = 39 - -56. Calculate the remainder when j is divided by x.
23
Let a(z) = -z**3 - 13*z**2 - 17*z - 31. Suppose -4*l = -2*l + 52. Let t = l - -33. Calculate the remainder when a(-12) is divided by t.
1
Suppose -4*g = 4*k - 7*g - 12, -3 = -k + 3*g. Calculate the remainder when ((-34)/(-3))/(2/k) is divided by 9.
8
Let f(b) be the first derivative of b**4/4 - 8*b**3/3 - 6*b**2 + 31*b - 76. What is the remainder when 20 is divided by f(9)?
0
Suppose -4*s + 8 = 0, -5*q + 805 = -s + 22. Calculate the remainder when 483 is divided by q.
12
Suppose -6*l + 25 = 1. Suppose -l*y + 2693 + 2691 = 0. Calculate the remainder when y/18 + 2/9 is divided by 19.
18
Suppose -235 = -5*x + 70. Let d = -827845 - -828208. Calculate the remainder when d is divided by x.
58
Suppose 0 = -3*a + 4*z + 1, -4*a + a + 3*z = -3. Let t(m) = 3*m + m + 19 - 3*m - 20. What is the remainder when t(10) is divided by a?
0
Let w(f) = -f**2 + 41*f - 238. What is the remainder when 386 is divided by w(8)?
22
Let b = 911 + -607. Let t = 365 + b. Calculate the remainder when t is divided by 24.
21
Suppose 0 = -5*q + 4*k + 839, 175 = 23*q - 22*q + k. Let f be 107/7 - 14/49. Suppose -3*p + f = -72. Calculate the remainder when q is divided by p.
26
Suppose 888 = -3*s - 15*s + 9258. Calculate the remainder when 939 is divided by s.
9
Suppose -d + 66 + 75 = -3*r, -4*r + 449 = 3*d. Calculate the remainder when 11023 is divided by d.
145
Let x = 4201 + -4162. Calculate the remainder when 225 is divided by x.
30
Calculate the remainder when 6312/288 + -22 + 94610/24 is divided by 17.
15
Let n = -76 - -87. Suppose 3*m + 2*v - 175 = 0, 4*m + m - 291 = -3*v. Let p = m + -27. What is the remainder when p is divided by n?
8
Let q = -386 - -387. Calculate the remainder when q + 1 + 3*(-632)/(-8) is divided by 11.
8
Let u(m) = -186*m - 1060. Calculate the remainder when 222 is divided by u(-6).
54
Let d(h) be the second derivative of h**4/3 + 7*h**3/6 + 2*h**2 + 4*h. What is the remainder when d(-4) is divided by 21 - (16 + -10 - -4)?
7
Let x = -6684 - -6752. What is the remainder when x is divided by 36?
32
Let z(x) = 710*x - 7647. What is the remainder when z(11) is divided by 155?
8
Suppose 2*n = 3*h + 61, -4*n + 5*h - 13 = -138. Suppose -7*w = 5*w - 588. Let t = 62 - w. What is the remainder when n is divided by t?
9
Let y(j) be the second derivative of 3*j**5/2 + j**4/6 - 2*j**3/3 + j**2 + 21*j. Calculate the remainder when y(1) is divided by 21.
9
What is the remainder when (16/18)/4 - ((-605632)/144 - 11) is divided by 74?
73
Let c(q) = -q**3 + q**2 - q + 1. Let x(u) = -3*u**3 + 6*u**2 + 7*u - 8. Let t(h) = -c(h) - x(h). Calculate the remainder when t(4) is divided by 28.
15
Let a be 2/(-2)*-7 - (12 - 11). Let j(w) = -3*w + 16. Let c be j(a). Calculate the remainder when (2 + c)/2 + 46 is divided by 12.
10
What is the remainder when 2428 is divided by (-2)/(-13) + 8765/65?
133
Let q(i) 